s 2a4 + -4?
2a0
In base 5, what is -1 - -120134?
120133
In base 8, what is 10165 + -5?
10160
In base 5, what is -1 + 220?
214
In base 12, what is 763a - -5?
7643
In base 5, what is 211 + -3141?
-2430
In base 14, what is -bd - 1?
-c0
In base 5, what is -44 + -14?
-113
In base 2, what is 1011111010 - 1?
1011111001
In base 4, what is -20 - -21?
1
In base 14, what is 1 - -68?
69
In base 8, what is -32 - 22?
-54
In base 3, what is -11 + -1?
-12
In base 5, what is -4 - 24321?
-24330
In base 16, what is -a + -d?
-17
In base 14, what is b8 + 0?
b8
In base 2, what is -1 + -1110001110?
-1110001111
In base 5, what is -133 + 121?
-12
In base 4, what is 11212 - 11?
11201
In base 11, what is -9a7 + -2?
-9a9
In base 16, what is 172 - 4?
16e
In base 7, what is 4 - 54?
-50
In base 16, what is -3d - -12?
-2b
In base 11, what is -202 + -7?
-209
In base 15, what is -3b - 2?
-3d
In base 4, what is 11 - -101?
112
In base 14, what is -4 - cd?
-d3
In base 13, what is 13 - -3ba?
400
In base 5, what is -2 + 4431?
4424
In base 8, what is 113 + 27?
142
In base 3, what is -10 - -21001?
20221
In base 15, what is d7e1 + -4?
d7dc
In base 2, what is 1 + -10111100?
-10111011
In base 5, what is 404 - -12?
421
In base 2, what is 1100101100 + -110?
1100100110
In base 15, what is -2 + -319?
-31b
In base 7, what is 23 - -164?
220
In base 13, what is 306 + 1?
307
In base 13, what is 9 - 4c?
-43
In base 14, what is 103 + 0?
103
In base 10, what is 43 + -6?
37
In base 9, what is -2 - -737?
735
In base 4, what is -3 - 200?
-203
In base 14, what is -9 - 38?
-43
In base 6, what is 1 - -25?
30
In base 2, what is 10111110000 - 100?
10111101100
In base 11, what is 3 - 2200?
-21a8
In base 11, what is 5 - a9?
-a4
In base 4, what is 222313 - 3?
222310
In base 12, what is -121a - -3?
-1217
In base 9, what is 82 - 115?
-23
In base 7, what is -4 + 243?
236
In base 6, what is 211 + -13?
154
In base 6, what is 14 - 42?
-24
In base 11, what is 41 + 2?
43
In base 5, what is -201133 + 4?
-201124
In base 14, what is 8 - 101?
-d7
In base 15, what is -1 + 118?
117
In base 2, what is 101 - -10101001?
10101110
In base 14, what is -1 - -21?
20
In base 12, what is 53a - -5?
543
In base 13, what is 5 - b0?
-a8
In base 16, what is -4b + 4?
-47
In base 6, what is -31 - -20?
-11
In base 7, what is 1636 - 4?
1632
In base 8, what is -25 + 347?
322
In base 3, what is -10011 + -12012?
-22100
In base 3, what is 2021210 + -11?
2021122
In base 9, what is -1177 - -4?
-1173
In base 4, what is 0 + -12120?
-12120
In base 13, what is 4c - 3?
49
In base 15, what is 4 - 21?
-1c
In base 5, what is 1333 - -2?
1340
In base 7, what is -532 + 2?
-530
In base 15, what is -795 - -2?
-793
In base 2, what is -11100000 + 10010?
-11001110
In base 10, what is -407 + -2?
-409
In base 6, what is 10 + 5423?
5433
In base 8, what is -4 - 1200?
-1204
In base 8, what is -5 - 5?
-12
In base 6, what is 143 - -4?
151
In base 14, what is 0 + 370?
370
In base 2, what is -11101001100 - 11?
-11101001111
In base 4, what is 3 + -32?
-23
In base 9, what is 32 + 26?
58
In base 5, what is 3300 + -10?
3240
In base 6, what is 0 + 211?
211
In base 9, what is -18 - 0?
-18
In base 13, what is 12 + -1a?
-8
In base 13, what is -1 - -3?
2
In base 13, what is 84 - -1?
85
In base 14, what is 4 - -4d8?
4dc
In base 10, what is -2 - 673?
-675
In base 2, what is -100 + -10101101?
-10110001
In base 6, what is -5 - -15150?
15141
In base 8, what is 134 + 126?
262
In base 16, what is -19 - -330?
317
In base 6, what is -2 + 2550?
2544
In base 8, what is -5 + 524?
517
In base 10, what is 12 + 1?
13
In base 14, what is 1a - -25?
41
In base 4, what is -3113 - -11?
-3102
In base 8, what is 1521 - 2?
1517
In base 4, what is -100 - -13?
-21
In base 13, what is -699 - 1?
-69a
In base 5, what is -3 - -10411?
10403
In base 8, what is -64 - -154?
70
In base 11, what is 1 + 58?
59
In base 12, what is 0 - -39b?
39b
In base 7, what is -3 - 41?
-44
In base 3, what is -102 + -1201?
-2010
In base 7, what is -14 - -2564?
2550
In base 12, what is -3b - 93?
-112
In base 16, what is 4 - 171?
-16d
In base 3, what is 11 + 100101?
100112
In base 10, what is -1 + -14?
-15
In base 15, what is -4 + 134?
130
In base 6, what is 4 + -2021?
-2013
In base 6, what is -5 + -320?
-325
In base 15, what is -9b0 - 2?
-9b2
In base 9, what is 11 - -144?
155
In base 3, what is -1101201 - 10?
-1101211
In base 16, what is -2c1 - 12?
-2d3
In base 6, what is -302 + -45?
-351
In base 8, what is -15 - -40?
23
In base 9, what is -50 - -147?
87
In base 8, what is 6711 + -4?
6705
In base 13, what is -5 - 54?
-59
In base 4, what is -32 - 103003?
-103101
In base 11, what is -47 + 3?
-44
In base 11, what is -3 - -66?
63
In base 16, what is -56d + -5?
-572
In base 14, what is -5 + -381?
-386
In base 7, what is -2 + -36?
-41
In base 12, what is -5 - -10?
7
In base 14, what is -5c + 4?
-58
In base 16, what is -4e - -3?
-4b
In base 16, what is 25 - 4?
21
In base 11, what is 5 - 236?
-231
In base 14, what is -c - -b5?
a7
In base 11, what is 3 - 605?
-602
In base 11, what is -14 - -28?
14
In base 13, what is b3 - -4?
b7
In base 2, what is -1010000 + 100010110?
11000110
In base 10, what is -202 - 3?
-205
In base 10, what is -35 - 20?
-55
In base 11, what is -176 - 11?
-187
In base 5, what is 13 + 3?
21
In base 4, what is -33121 + -11?
-33132
In base 10, what is -114 - 7?
-121
In base 5, what is -10 - -1424?
1414
In base 9, what is -1 - -2145?
2144
In base 15, what is -222 + -2c?
-24e
In base 8, what is 205 - -4?
211
In base 6, what is -425 + 10?
-415
In base 6, what is -10232 + -3?
-10235
In base 9, what is -3 - -24?
21
In base 2, what is -110 - -101?
-1
In base 8, what is -130 + 243?
113
In base 16, what is -7 + 25?
1e
In base 6, what is -11 + -413?
-424
In base 3, what is -1201 - -10?
-1121
In base 16, what is 39 + -2?
37
In base 2, what is -1001101001 - -1?
-1001101000
In base 9, what is -24 + 4?
-20
In base 7, what is -1555 + 4?
-1551
In base 4, what is 2 + -11201?
-11133
In base 14, what is 493 - -11?
4a4
In base 6, what is 23 - 3231?
-3204
In base 6, what is 202431 - -5?
202440
In base 2, what is -1001100000 - 101?
-1001100101
In base 12, what is -228 + 5?
-223
In base 7, what is -24436 + 3?
-24433
In base 9, what is 13 - 15?
-2
In base 7, what is -4 + -5060?
-5064
In base 15, what is 2e - 2?
2c
In base 2, what is 1000 + -100110?
-11110
In base 4, what is 130010 - -1?
130011
In base 14, what is -1 + -34?
-35
In base 14, what is -10 + 29?
19
In base 4, what is -330 - 10?
-1000
In base 2, what is -1101 - 1001100?
-1011001
In base 11, what is 177 + -50?
127
In base 13, what is 12b8 + 0?
12b8
In base 11, what is 5 + -50a?
-505
In base 13, what is -5 - -42c?
427
In base 10, what is 1 + -11?
-10
In base 11, what is 3 + 6a?
72
In base 15, what is 19 - -38?
52
In base 11, what is -5 + -165?
-16a
In base 11, what is -11 + 32?
21
In base 14, what is 5 + -4a?
-45
In base 5, what is -2 + -4402?
-4404
In base 6, what is -22 - 114?
-140
In base 8, what is 7 - 56?
-47
In base 9, what is 2 - -3568?
3571
In base 13, what is -1 - 90?
-91
In base 5, what is 4 - 233?
-224
In base 3, what is -10200 - 102?
-11002
In base 9, what is -6585 - 3?
-6588
In base 8, what is -232 - -41?
-171
In base 8, what is 32 - 143?
-111
In base 7, what is 0 - 2000?
-2000
In base 4, what is -10 - -1233?
1223
In base 5, what is 33 + 2?
40
In base 10, what is -2596 + 4?
-2592
In base 14, what is 1 - -97?
98
In base 13, what is 89 - 42?
47
In base 9, what is -156 + -2?
-158
In base 3, what is 1 + -2021002?
-2021001
In base 13, what is 4 - -65a?
661
In base 3, what is 12 + 10201?
10220
In base 3, what is 12 + 20202?
20221
In base 8, what is 2 + -107?
-105
In base 8, what is 2 - 20?
-16
In base 15, what is c + -8a?
-7d
In base 5, what is 3 + -112?
-104
In base 8, what is -5 + -135?
-142
In base 4, what is -20321 - -1?
-20320
In base 14, what is 27 - -25?
4c
In base 14, what is -3 - 19d9?
-19dc
In base 10, what is 2 + 77?
79
In base 3, what is -1201212 + 10?
-1201202
In base 3, what is 1002 - -1021?
2100
In base 10, what is 8 + -336?
-328
In base 2, what is 110101111101 - 11?
110101111010
In base 7, what is -2 - -32065?
32063
In base 15, what is c4 + 2?
c6
In base 5, what is 121 + -20?
101
In base 13, what is 1026 + 2?
1028
In base 12, what is 4 - -97?
9b
In base 6, wha